52 and 968?
88
What is the highest common divisor of 114 and 3648?
114
Calculate the greatest common factor of 70 and 40.
10
What is the highest common divisor of 2454 and 12?
6
What is the greatest common factor of 40 and 5?
5
Calculate the highest common factor of 262 and 3013.
131
What is the greatest common factor of 85 and 9?
1
Calculate the greatest common factor of 86 and 2107.
43
Calculate the greatest common factor of 856 and 8.
8
What is the highest common factor of 140 and 3290?
70
Calculate the highest common factor of 189 and 135.
27
What is the highest common divisor of 264 and 168?
24
What is the highest common factor of 21300 and 36?
12
Calculate the highest common divisor of 188 and 470.
94
Calculate the greatest common divisor of 16 and 724.
4
Calculate the highest common factor of 48 and 384.
48
Calculate the greatest common divisor of 15 and 200.
5
What is the greatest common factor of 46 and 8?
2
Calculate the highest common factor of 26 and 923.
13
What is the greatest common divisor of 17862 and 78?
78
What is the greatest common factor of 374 and 102?
34
What is the highest common divisor of 2046 and 1550?
62
What is the highest common divisor of 247 and 52?
13
Calculate the greatest common factor of 329 and 6016.
47
What is the highest common factor of 532 and 437?
19
What is the greatest common factor of 4311 and 9?
9
Calculate the greatest common factor of 190 and 20.
10
What is the highest common divisor of 12678 and 6?
6
What is the highest common divisor of 16965 and 522?
261
Calculate the greatest common divisor of 912 and 744.
24
What is the greatest common factor of 4 and 292?
4
What is the greatest common factor of 3127 and 424?
53
What is the greatest common divisor of 589 and 19?
19
What is the highest common factor of 3059 and 38?
19
Calculate the highest common factor of 32 and 544.
32
What is the highest common factor of 13 and 4?
1
Calculate the greatest common divisor of 126 and 1674.
18
What is the highest common factor of 2225 and 25?
25
Calculate the greatest common divisor of 4 and 5750.
2
What is the greatest common factor of 51 and 85?
17
Calculate the greatest common factor of 524 and 16.
4
Calculate the greatest common factor of 76 and 950.
38
Calculate the greatest common divisor of 136 and 459.
17
What is the highest common divisor of 78 and 9386?
26
Calculate the highest common factor of 38 and 475.
19
Calculate the greatest common divisor of 84 and 48.
12
What is the highest common divisor of 6888 and 504?
168
What is the greatest common divisor of 176 and 143?
11
What is the highest common divisor of 21 and 21?
21
Calculate the highest common factor of 304 and 64.
16
Calculate the highest common divisor of 11 and 30.
1
What is the highest common factor of 25 and 2750?
25
What is the greatest common factor of 245 and 280?
35
What is the greatest common divisor of 3 and 219?
3
What is the highest common divisor of 243 and 16200?
81
What is the greatest common divisor of 380 and 1216?
76
Calculate the greatest common factor of 2989 and 7.
7
What is the highest common factor of 248 and 310?
62
What is the highest common divisor of 16 and 140?
4
What is the highest common divisor of 3 and 729?
3
What is the greatest common divisor of 198 and 330?
66
What is the greatest common divisor of 133 and 1995?
133
Calculate the highest common divisor of 8 and 240.
8
Calculate the highest common factor of 20 and 4.
4
What is the highest common divisor of 156 and 3144?
12
What is the highest common factor of 72 and 96?
24
Calculate the highest common factor of 34 and 544.
34
Calculate the highest common divisor of 3599 and 61.
61
Calculate the highest common factor of 7042 and 14.
14
Calculate the greatest common divisor of 52 and 1508.
52
Calculate the highest common factor of 15309 and 27.
27
What is the highest common divisor of 187 and 1683?
187
Calculate the highest common factor of 23 and 368.
23
What is the highest common factor of 16 and 2248?
8
Calculate the highest common factor of 219 and 14819.
73
Calculate the greatest common divisor of 69 and 621.
69
Calculate the highest common divisor of 388 and 17945.
97
Calculate the greatest common factor of 147 and 84.
21
Calculate the greatest common divisor of 414 and 126.
18
Calculate the greatest common factor of 48698 and 26.
26
What is the greatest common factor of 270 and 210?
30
Calculate the highest common divisor of 1843 and 291.
97
What is the highest common factor of 66 and 3894?
66
What is the highest common factor of 81 and 4833?
27
Calculate the greatest common divisor of 6699 and 406.
203
Calculate the highest common factor of 10 and 614.
2
Calculate the highest common factor of 725 and 55.
5
Calculate the greatest common divisor of 86 and 3569.
43
What is the highest common factor of 4 and 702?
2
What is the highest common factor of 48 and 368?
16
What is the greatest common divisor of 567 and 21?
21
Calculate the highest common divisor of 385 and 175.
35
What is the highest common factor of 1081 and 46?
23
Calculate the highest common divisor of 48 and 80.
16
What is the highest common divisor of 1573 and 195?
13
What is the highest common divisor of 8927 and 79?
79
What is the greatest common divisor of 1105 and 260?
65
What is the greatest common factor of 9 and 423?
9
What is the greatest common divisor of 42 and 3262?
14
Calculate the greatest common factor of 24 and 6976.
8
Calculate the highest common divisor of 125 and 41375.
125
What is the greatest common divisor of 2300 and 60?
20
Calculate the greatest common factor of 16 and 2836.
4
Calculate the highest common factor of 14928 and 16.
16
Calculate the highest common divisor of 12 and 5046.
6
What is the highest common factor of 234 and 9750?
78
What is the greatest common factor of 200 and 125?
25
What is the greatest common divisor of 18 and 30?
6
Calculate the highest common divisor of 286 and 260.
26
What is the highest common divisor of 7 and 777?
7
Calculate the greatest common divisor of 2108 and 884.
68
Calculate the highest common factor of 917 and 2489.
131
Calculate the highest common divisor of 1089 and 9.
9
What is the greatest common factor of 38 and 1007?
19
What is the greatest common divisor of 16 and 152?
8
Calculate the highest common factor of 79 and 237.
79
What is the greatest common factor of 56 and 8?
8
Calculate the greatest common divisor of 5566 and 726.
242
Calculate the highest common factor of 1221 and 111.
111
Calculate the highest common divisor of 44 and 55.
11
What is the highest common divisor of 302 and 3?
1
What is the highest common divisor of 245 and 455?
35
What is the highest common factor of 24 and 396?
12
What is the greatest common divisor of 261 and 396?
9
Calculate the highest common divisor of 72 and 108.
36
What is the highest common divisor of 153 and 1428?
51
What is the highest common divisor of 94 and 14?
2
Calculate the highest common divisor of 162 and 1053.
81
What is the highest common divisor of 5604 and 348?
12
What is the highest common factor of 18 and 117?
9
What is the greatest common divisor of 2148 and 48?
12
Calculate the highest common factor of 3 and 105.
3
What is the greatest common divisor of 75 and 6?
3
Calculate the highest common divisor of 18271 and 242.
121
Calculate the greatest common factor of 104 and 6656.
104
What is the highest common divisor of 116 and 377?
29
Calculate the highest common factor of 736 and 69.
23
Calculate the highest common factor of 176 and 3256.
88
Calculate the greatest common divisor of 159 and 53.
53
Calculate the highest common factor of 1472 and 128.
64
What is the highest common factor of 860 and 4515?
215
Calculate the greatest common divisor of 69 and 3.
3
What is the highest common divisor of 26 and 221?
13
Calculate the highest common factor of 539 and 154.
77
What is the highest common factor of 78 and 6?
6
What is the greatest common divisor of 24 and 1284?
12
Calculate the highest common factor of 32 and 1328.
16
What is the greatest common divisor of 198 and 187?
11
Calculate the greatest common divisor of 3277 and 522.
29
What is the greatest common factor of 1998 and 234?
18
Calculate the highest common divisor of 23 and 5.
1
Calculate the highest common